{"id":55029,"date":"2025-12-03T16:38:08","date_gmt":"2025-12-03T20:38:08","guid":{"rendered":"https:\/\/zzcontigoca.com\/tumeremo\/?post_type=product&#038;p=55029"},"modified":"2026-03-16T12:37:12","modified_gmt":"2026-03-16T16:37:12","slug":"ciguenal-cuna-zz-t200-megazuki","status":"publish","type":"product","link":"https:\/\/zzcontigoca.com\/tumeremo\/producto\/ciguenal-cuna-zz-t200-megazuki\/","title":{"rendered":"Cigue\u00f1al Cu\u00f1a ZZ-T200 Megazuki"},"content":{"rendered":"<p>Cigue\u00f1al Cu\u00f1a ZZ-T200 Megazuki<\/p>\n","protected":false},"excerpt":{"rendered":"<p>Cigue\u00f1al Cu\u00f1a ZZ-T200 Megazuki<\/p>\n","protected":false},"featured_media":55123,"comment_status":"open","ping_status":"closed","template":"","meta":{"inline_featured_image":false},"product_cat":[4136],"product_tag":[8388],"class_list":{"0":"post-55029","1":"product","2":"type-product","3":"status-publish","4":"has-post-thumbnail","6":"product_brand-megazuki","7":"product_cat-repuestos-para-motos","8":"product_tag-ciguenal-cuna-zz-t200-megazuki","10":"first","11":"instock","12":"sale","13":"shipping-taxable","14":"purchasable","15":"product-type-simple"},"_links":{"self":[{"href":"https:\/\/zzcontigoca.com\/tumeremo\/wp-json\/wp\/v2\/product\/55029","targetHints":{"allow":["GET"]}}],"collection":[{"href":"https:\/\/zzcontigoca.com\/tumeremo\/wp-json\/wp\/v2\/product"}],"about":[{"href":"https:\/\/zzcontigoca.com\/tumeremo\/wp-json\/wp\/v2\/types\/product"}],"replies":[{"embeddable":true,"href":"https:\/\/zzcontigoca.com\/tumeremo\/wp-json\/wp\/v2\/comments?post=55029"}],"wp:featuredmedia":[{"embeddable":true,"href":"https:\/\/zzcontigoca.com\/tumeremo\/wp-json\/wp\/v2\/media\/55123"}],"wp:attachment":[{"href":"https:\/\/zzcontigoca.com\/tumeremo\/wp-json\/wp\/v2\/media?parent=55029"}],"wp:term":[{"taxonomy":"product_cat","embeddable":true,"href":"https:\/\/zzcontigoca.com\/tumeremo\/wp-json\/wp\/v2\/product_cat?post=55029"},{"taxonomy":"product_tag","embeddable":true,"href":"https:\/\/zzcontigoca.com\/tumeremo\/wp-json\/wp\/v2\/product_tag?post=55029"}],"curies":[{"name":"wp","href":"https:\/\/api.w.org\/{rel}","templated":true}]}}