{"id":23512,"date":"2025-08-22T00:12:00","date_gmt":"2025-08-21T22:12:00","guid":{"rendered":"https:\/\/zzcontigoca.com\/tumeremo\/?post_type=product&#038;p=23512"},"modified":"2025-08-22T00:14:30","modified_gmt":"2025-08-21T22:14:30","slug":"acrilico-tapa-de-tacometro-a2-verde-zz","status":"publish","type":"product","link":"https:\/\/zzcontigoca.com\/tumeremo\/producto\/acrilico-tapa-de-tacometro-a2-verde-zz\/","title":{"rendered":"Acr\u00edlico Tapa De Tac\u00f3metro A2 Verde ZZ"},"content":{"rendered":"<p>Acr\u00edlico Tapa De Tac\u00f3metro Asen2 Verde ZZ<\/p>\n","protected":false},"excerpt":{"rendered":"<p>Acr\u00edlico Tapa De Tac\u00f3metro Asen2 Verde ZZ<\/p>\n","protected":false},"featured_media":23570,"comment_status":"open","ping_status":"closed","template":"","meta":{"inline_featured_image":false},"product_cat":[4157],"product_tag":[4577],"class_list":{"0":"post-23512","1":"product","2":"type-product","3":"status-publish","4":"has-post-thumbnail","6":"product_brand-zz","7":"product_cat-accesorios-motos","8":"product_tag-acrilico-tacometro","10":"first","11":"outofstock","12":"shipping-taxable","13":"product-type-simple"},"_links":{"self":[{"href":"https:\/\/zzcontigoca.com\/tumeremo\/wp-json\/wp\/v2\/product\/23512","targetHints":{"allow":["GET"]}}],"collection":[{"href":"https:\/\/zzcontigoca.com\/tumeremo\/wp-json\/wp\/v2\/product"}],"about":[{"href":"https:\/\/zzcontigoca.com\/tumeremo\/wp-json\/wp\/v2\/types\/product"}],"replies":[{"embeddable":true,"href":"https:\/\/zzcontigoca.com\/tumeremo\/wp-json\/wp\/v2\/comments?post=23512"}],"wp:featuredmedia":[{"embeddable":true,"href":"https:\/\/zzcontigoca.com\/tumeremo\/wp-json\/wp\/v2\/media\/23570"}],"wp:attachment":[{"href":"https:\/\/zzcontigoca.com\/tumeremo\/wp-json\/wp\/v2\/media?parent=23512"}],"wp:term":[{"taxonomy":"product_cat","embeddable":true,"href":"https:\/\/zzcontigoca.com\/tumeremo\/wp-json\/wp\/v2\/product_cat?post=23512"},{"taxonomy":"product_tag","embeddable":true,"href":"https:\/\/zzcontigoca.com\/tumeremo\/wp-json\/wp\/v2\/product_tag?post=23512"}],"curies":[{"name":"wp","href":"https:\/\/api.w.org\/{rel}","templated":true}]}}