{"id":21895,"date":"2025-08-21T23:07:53","date_gmt":"2025-08-21T21:07:53","guid":{"rendered":"https:\/\/zzcontigoca.com\/tumeremo\/?post_type=product&#038;p=21895"},"modified":"2025-08-21T23:09:57","modified_gmt":"2025-08-21T21:09:57","slug":"medidor-de-presion-para-neumaticos","status":"publish","type":"product","link":"https:\/\/zzcontigoca.com\/tumeremo\/producto\/medidor-de-presion-para-neumaticos\/","title":{"rendered":"Medidor De Presi\u00f3n Para Neum\u00e1ticos"},"content":{"rendered":"<p>Medidor De Presi\u00f3n Para Neum\u00e1ticos<\/p>\n","protected":false},"excerpt":{"rendered":"<p>Medidor De Presi\u00f3n Para Neum\u00e1ticos<\/p>\n","protected":false},"featured_media":21951,"comment_status":"open","ping_status":"closed","template":"","meta":{"inline_featured_image":false},"product_cat":[4269],"product_tag":[4323],"class_list":{"0":"post-21895","1":"product","2":"type-product","3":"status-publish","4":"has-post-thumbnail","6":"product_brand-zz","7":"product_cat-herramientas","8":"product_tag-medidor","10":"first","11":"instock","12":"shipping-taxable","13":"purchasable","14":"product-type-simple"},"_links":{"self":[{"href":"https:\/\/zzcontigoca.com\/tumeremo\/wp-json\/wp\/v2\/product\/21895","targetHints":{"allow":["GET"]}}],"collection":[{"href":"https:\/\/zzcontigoca.com\/tumeremo\/wp-json\/wp\/v2\/product"}],"about":[{"href":"https:\/\/zzcontigoca.com\/tumeremo\/wp-json\/wp\/v2\/types\/product"}],"replies":[{"embeddable":true,"href":"https:\/\/zzcontigoca.com\/tumeremo\/wp-json\/wp\/v2\/comments?post=21895"}],"wp:featuredmedia":[{"embeddable":true,"href":"https:\/\/zzcontigoca.com\/tumeremo\/wp-json\/wp\/v2\/media\/21951"}],"wp:attachment":[{"href":"https:\/\/zzcontigoca.com\/tumeremo\/wp-json\/wp\/v2\/media?parent=21895"}],"wp:term":[{"taxonomy":"product_cat","embeddable":true,"href":"https:\/\/zzcontigoca.com\/tumeremo\/wp-json\/wp\/v2\/product_cat?post=21895"},{"taxonomy":"product_tag","embeddable":true,"href":"https:\/\/zzcontigoca.com\/tumeremo\/wp-json\/wp\/v2\/product_tag?post=21895"}],"curies":[{"name":"wp","href":"https:\/\/api.w.org\/{rel}","templated":true}]}}