{"id":10582,"date":"2024-11-25T16:10:05","date_gmt":"2024-11-25T20:10:05","guid":{"rendered":"https:\/\/zzcontigoca.com\/guasipati\/?post_type=product&#038;p=10582"},"modified":"2024-11-25T16:11:32","modified_gmt":"2024-11-25T20:11:32","slug":"sensor-posicion-de-ciguenal-chevrolet-spark-mhw","status":"publish","type":"product","link":"https:\/\/zzcontigoca.com\/guasipati\/product\/sensor-posicion-de-ciguenal-chevrolet-spark-mhw\/","title":{"rendered":"SENSOR POSICION DE CIGUE\u00d1AL CHEVROLET SPARK MHW"},"content":{"rendered":"<p>SENSOR POSICION DE CIG\u00dcE\u00d1AL CHEVROLET SPARK MHW<\/p>\n<p>COD 96325868<\/p>\n<p>CH-96325868<\/p>\n","protected":false},"excerpt":{"rendered":"<p>SENSOR POSICION DE CIG\u00dcE\u00d1AL CHEVROLET SPARK MHW<\/p>\n<p>COD 96325868<\/p>\n<p>CH-96325868<\/p>\n","protected":false},"featured_media":0,"template":"","meta":{"inline_featured_image":false},"product_cat":[114],"product_tag":[538],"class_list":{"0":"post-10582","1":"product","2":"type-product","3":"status-publish","5":"product_brand-mhw","6":"product_cat-repuestos-para-carro","7":"product_tag-sensor-posicion-ciguenal","8":"_wholesalex wsx-wholesalex-product","10":"first","11":"instock","12":"taxable","13":"shipping-taxable","14":"purchasable","15":"product-type-simple"},"jetpack_sharing_enabled":true,"_links":{"self":[{"href":"https:\/\/zzcontigoca.com\/guasipati\/wp-json\/wp\/v2\/product\/10582","targetHints":{"allow":["GET"]}}],"collection":[{"href":"https:\/\/zzcontigoca.com\/guasipati\/wp-json\/wp\/v2\/product"}],"about":[{"href":"https:\/\/zzcontigoca.com\/guasipati\/wp-json\/wp\/v2\/types\/product"}],"wp:attachment":[{"href":"https:\/\/zzcontigoca.com\/guasipati\/wp-json\/wp\/v2\/media?parent=10582"}],"wp:term":[{"taxonomy":"product_cat","embeddable":true,"href":"https:\/\/zzcontigoca.com\/guasipati\/wp-json\/wp\/v2\/product_cat?post=10582"},{"taxonomy":"product_tag","embeddable":true,"href":"https:\/\/zzcontigoca.com\/guasipati\/wp-json\/wp\/v2\/product_tag?post=10582"}],"curies":[{"name":"wp","href":"https:\/\/api.w.org\/{rel}","templated":true}]}}